s 3105015 (base 6) in base 12?
7216b
Convert 1b88b (base 15) to base 13.
31a87
Convert -1025141 (base 7) to base 4.
-132111110
What is -210120211201 (base 3) in base 8?
-1475673
Convert 42324142 (base 5) to base 16.
56a6a
Convert -110011240 (base 5) to base 15.
-941ea
Convert 202103111 (base 4) to base 16.
224d5
Convert 29ba96 (base 15) to base 4.
13223223003
12023242134 (base 5) to base 8
64755214
Convert -10001100101111010101010 (base 2) to base 4.
-101211322222
What is -1800088 (base 9) in base 2?
-11110101000110001001
Convert -33701 (base 8) to base 13.
-665c
Convert 216845 (base 12) to base 5.
113424343
What is 6a66 (base 11) in base 4?
2100310
Convert 333040 (base 6) to base 7.
144210
Convert -120630 (base 14) to base 13.
-18742c
What is -443045 (base 12) in base 8?
-4104165
Convert -40a394 (base 12) to base 16.
-f75a0
34371 (base 8) to base 6
151305
What is -88952 (base 13) in base 12?
-bb398
5810650 (base 9) to base 4
23331302301
What is -276613 (base 10) in base 13?
-98b9c
Convert 185391 (base 11) to base 10.
285297
Convert 1993155 (base 14) to base 8.
60423747
Convert -d36c0 (base 14) to base 13.
-14a898
-1b7d4 (base 15) to base 7
-522001
6c15a (base 16) to base 9
744254
What is 1310011132 (base 5) in base 4?
30032031031
Convert 41410114 (base 5) to base 15.
6b1c4
What is 1715545 (base 9) in base 3?
1210112121112
-2098387 (base 10) to base 3
-10221121110001
Convert 531112033 (base 6) to base 9.
18435053
What is 209a1 (base 11) in base 6?
353042
What is -5345b (base 12) in base 13?
-3aacc
-162f1e (base 16) to base 3
-2201212022110
-867799 (base 10) to base 8
-3236727
What is 12ab4c (base 15) in base 6?
31120230
311303324 (base 6) to base 15
716d7a
Convert -6210221 (base 8) to base 13.
-4568a0
What is -5367c5 (base 14) in base 15?
-3ab3d7
Convert -bc5f6 (base 16) to base 10.
-771574
24243431 (base 5) to base 7
1636461
What is 773204 (base 8) in base 9?
435233
What is 120506344 (base 7) in base 6?
424413411
Convert -11451521 (base 6) to base 15.
-7305a
What is 2148522 (base 12) in base 7?
104463512
Convert 41539 (base 12) to base 6.
1455313
What is 6231431 (base 8) in base 4?
12103030121
-197895 (base 13) to base 6
-21455003
What is 241541 (base 11) in base 14?
9d63d
What is 220210002120 (base 3) in base 8?
1670532
-32134133 (base 5) to base 13
-96571
Convert -10110000010110011 (base 2) to base 6.
-1534003
-16710 (base 11) to base 4
-11232331
-1484921 (base 13) to base 4
-120333110111
-556ce (base 15) to base 6
-5453052
What is -20022220021 (base 3) in base 12?
-60121
What is -369b8 (base 13) in base 11?
-69598
-151249 (base 10) to base 11
-a36aa
Convert -322121 (base 5) to base 14.
-3d95
Convert 33125 (base 11) to base 7.
260062
Convert 1101000011000100010011 (base 2) to base 7.
41034054
Convert -133c8 (base 15) to base 13.
-22076
12062837 (base 9) to base 11
3361293
Convert 13231032 (base 5) to base 8.
404223
-2931328 (base 10) to base 6
-142454544
2343423231 (base 5) to base 11
3093a33
What is -62eeb9 (base 15) in base 6?
-244524350
-101111101000000000010 (base 2) to base 10
-1560578
-111111101010101101 (base 2) to base 13
-91911
21135103 (base 6) to base 8
2271457
35727621 (base 8) to base 4
131322332101
Convert 40230233 (base 6) to base 3.
2010212210110
Convert 5033623 (base 7) to base 8.
2215464
8237848 (base 9) to base 3
22021021221122
What is 12231310110 (base 4) in base 16?
1add14
What is -12719b (base 12) in base 16?
-49e47
What is -5877175 (base 10) in base 16?
-59adb7
5133974 (base 12) to base 4
322022202220
What is -10e6 (base 16) in base 4?
-1003212
What is 110001111111001111011 (base 2) in base 10?
1638011
1170b20 (base 13) to base 10
5399914
Convert 1889de (base 16) to base 15.
21b758
Convert -a2695 (base 12) to base 8.
-635521
What is ba880 (base 14) in base 8?
1562160
Convert 207b77 (base 14) to base 4.
10023312131
Convert -52612101 (base 7) to base 14.
-8403a8
51025220 (base 6) to base 10
1450092
What is 147615 (base 14) in base 4?
2231303103
Convert -2517024 (base 8) to base 15.
-db288
Convert -18662d9 (base 14) to base 8.
-56051067
What is 4576321 (base 8) in base 16?
12fcd1
Convert 43001021 (base 6) to base 16.
1339a5
What is -1103023001 (base 5) in base 3?
-11111112112220
55dc7f (base 16) to base 10
5627007
What is -18386 (base 9) in base 16?
-31aa
Convert 1388745 (base 9) to base 7.
6344441
-38a734 (base 16) to base 7
-43362356
What is b2793 (base 14) in base 12?
188711
Convert 30865 (base 9) to base 11.
14357
What is 11011433 (base 5) in base 6?
2010014
Convert 25442042 (base 9) to base 6.
1123350315
Convert 52127 (base 11) to base 4.
102203301
Convert -222003002 (base 4) to base 8.
-520302
a68096 (base 11) to base 13
47ac0c
Convert -7142b (base 13) to base 4.
-301201111
What is 13606044 (base 8) in base 11?
1816590
142444302 (base 7) to base 11
5321878
What is 1121101012200 (base 3) in base 9?
1541180
What is -14032560 (base 8) in base 7?
-35566050
-101111011110001000 (base 2) to base 16
-2f788
Convert 121021221201 (base 4) to base 13.
149ac72
Convert 114247 (base 11) to base 16.
2c43d
-85608 (base 13) to base 6
-5053223
What is 2332323323 (base 4) in base 10?
782075
Convert -45670 (base 11) to base 13.
-24088
Convert -61633723 (base 8) to base 15.
-122d670
What is 22001122021222 (base 3) in base 2?
10000010101110110101011
Convert -11021120100022 (base 3) to base 10.
-2274731
-100002103303 (base 4) to base 5
-2034010023
-1021120043 (base 5) to base 11
-1224937
-222212002210 (base 3) to base 11
-331166
19165c (base 14) to base 12
369782
Convert -99774 (base 16) to base 4.
-2121131310
-14221544 (base 7) to base 5
-320130200
57175 (base 12) to base 15
2458e
Convert -10110000011001110010 (base 2) to base 5.
-141110141
318800 (base 13) to base 7
12604625
-60532225 (base 7) to base 13
-1072cab
Convert -1131021203 (base 4) to base 13.
-104882
What is 844082 (base 10) in base 7?
10113611
Convert 733359 (base 10) to base 2.
10110011000010101111
1555a (base 15) to base 12
3391a
-1458446 (base 9) to base 10
-806640
Convert -8e7e0 (base 16) to base 4.
-2032133200
Convert -164541 (base 9) to base 14.
-29137
What is -43404123 (base 5) in base 2?
-1011010111010111101
What is -2221221201012 (base 3) in base 8?
-6001504
What is -6f0f5 (base 16) in base 7?
-3603146
-4394a6 (base 12) to base 4
-10012021332
-10453364 (base 8) to base 7
-25062115
Convert -2a118b (base 14) to base 5.
-333302441
-342628 (base 9) to base 2
-110010001000110001
1610140 (base 8) to base 10
462944
Convert -1ecf2 (base 16) to base 10.
-126194
What is 1a03261 (base 11) in base 9?
6331206
Convert -100111011111000100000 (base 2) to base 12.
-524914
Convert -2033040 (base 5) to base 15.
-9dea
What is -10221112 (base 7) in base 8?
-3224230
What is -7a1ff (base 16) in base 14?
-d0423
What is 54333304 (base 6) in base 15?
21d48a
Convert 12033022310 (base 4) to base 16.
18f2b4
Convert 4141902 (base 11) to base 12.
25453b5
131 (base 12) to base 5
1211
-104040562 (base 7) to base 15
-8356ca
What is -96d16 (base 16) in base 2?
-10010110110100010110
521220 (base 6) to base 9
63263
Convert -11020122010 (base 3) to base 2.
-10100011001110000
Convert -255220 (base 8) to base 14.
-24492
What is 8a7951 (base 12) in base 6?
115222141
-221bb (base 13) to base 10
-61839
Convert 101141334 (base 5) to base 6.
12455502
What is -10210120011022 (base 3) in base 12?
-8142a5
Convert 101100001100110101001 (base 2) to base 14.
299b85
-81a1b (base 13) to base 3
-102210210101
-100100010111100101001 (base 2) to base 10
-1191721
-c34 (base 15) to base 10
-2749
What is -226735 (base 9) in base 3?
-20220211012
-101010111100000101001 (base 2) to base 12
-57a2b5
What is 1860054 (base 10) in base 6?
103511210
13156 (base 7) to base 6
24144
Convert -1303265 (base 7) to base 14.
-4596c
Convert -99745 (base 12) to base 15.
-40342
What is -1502576 (base 10) in base 3?
-2211100010222
What is -241969 (base 14) in base 10?
-1233913
416ab (base 12) to base 11
593aa
What is -100001111000100101 (base 2) in base 5?
-13420124
Convert 4404444 (base 5) to base 10.
75624
Convert -42d65 (base 16) to base 5.
-32230030
What is 24314203 (base 5) in base 11?
147308
What is 721387 (base 10) in base 12?
2a9577
What is 402220352 (base 6) in base 14?
c9b136
Convert -434312 (base 9) to base 14.
-6a597
What is -67